 factors of 2390.
2, 5, 239
List the prime factors of 150.
2, 3, 5
List the prime factors of 11261.
11261
What are the prime factors of 9294?
2, 3, 1549
What are the prime factors of 1122?
2, 3, 11, 17
List the prime factors of 2817.
3, 313
What are the prime factors of 58933?
7, 8419
What are the prime factors of 41377?
7, 23, 257
What are the prime factors of 41667?
3, 17, 19, 43
List the prime factors of 1067.
11, 97
What are the prime factors of 44228?
2, 11057
List the prime factors of 363.
3, 11
What are the prime factors of 1483?
1483
What are the prime factors of 734?
2, 367
What are the prime factors of 22185?
3, 5, 17, 29
What are the prime factors of 10670?
2, 5, 11, 97
List the prime factors of 45720.
2, 3, 5, 127
List the prime factors of 9628.
2, 29, 83
What are the prime factors of 373?
373
List the prime factors of 136044.
2, 3, 3779
List the prime factors of 943.
23, 41
What are the prime factors of 3384?
2, 3, 47
What are the prime factors of 50368?
2, 787
What are the prime factors of 94934?
2, 7, 6781
What are the prime factors of 890?
2, 5, 89
What are the prime factors of 2487?
3, 829
What are the prime factors of 3336?
2, 3, 139
List the prime factors of 39034.
2, 29, 673
What are the prime factors of 983?
983
List the prime factors of 50975.
5, 2039
What are the prime factors of 39772?
2, 61, 163
What are the prime factors of 919?
919
List the prime factors of 98768.
2, 6173
List the prime factors of 39807.
3, 4423
List the prime factors of 16355.
5, 3271
List the prime factors of 12071.
12071
What are the prime factors of 391?
17, 23
What are the prime factors of 111752?
2, 61, 229
List the prime factors of 44463.
3, 14821
List the prime factors of 481.
13, 37
What are the prime factors of 253?
11, 23
List the prime factors of 2387.
7, 11, 31
List the prime factors of 126358.
2, 63179
What are the prime factors of 7941?
3, 2647
List the prime factors of 3524.
2, 881
What are the prime factors of 5117?
7, 17, 43
What are the prime factors of 731?
17, 43
List the prime factors of 37961.
7, 11, 17, 29
What are the prime factors of 796?
2, 199
What are the prime factors of 31561?
37, 853
List the prime factors of 6838.
2, 13, 263
List the prime factors of 11633.
11633
What are the prime factors of 28298?
2, 14149
What are the prime factors of 119214?
2, 3, 37, 179
What are the prime factors of 1786?
2, 19, 47
What are the prime factors of 802?
2, 401
What are the prime factors of 121026?
2, 3, 23, 877
What are the prime factors of 7043?
7043
What are the prime factors of 102856?
2, 13, 23, 43
What are the prime factors of 1165?
5, 233
What are the prime factors of 22616?
2, 11, 257
What are the prime factors of 122?
2, 61
List the prime factors of 182.
2, 7, 13
What are the prime factors of 2889?
3, 107
List the prime factors of 42999.
3, 11, 1303
What are the prime factors of 4860?
2, 3, 5
List the prime factors of 1064.
2, 7, 19
List the prime factors of 119137.
109, 1093
List the prime factors of 946.
2, 11, 43
List the prime factors of 71725.
5, 19, 151
What are the prime factors of 2369?
23, 103
List the prime factors of 30086.
2, 7, 307
List the prime factors of 760.
2, 5, 19
What are the prime factors of 14654?
2, 17, 431
What are the prime factors of 2162?
2, 23, 47
What are the prime factors of 3548?
2, 887
What are the prime factors of 9732?
2, 3, 811
What are the prime factors of 2427?
3, 809
What are the prime factors of 84751?
84751
What are the prime factors of 8304?
2, 3, 173
List the prime factors of 93080.
2, 5, 13, 179
List the prime factors of 938.
2, 7, 67
What are the prime factors of 964?
2, 241
What are the prime factors of 116398?
2, 58199
What are the prime factors of 901?
17, 53
List the prime factors of 15206.
2, 7603
What are the prime factors of 3735?
3, 5, 83
List the prime factors of 15383.
15383
What are the prime factors of 5231?
5231
What are the prime factors of 24290?
2, 5, 7, 347
List the prime factors of 22242.
2, 3, 11, 337
List the prime factors of 733.
733
What are the prime factors of 8269?
8269
List the prime factors of 770.
2, 5, 7, 11
List the prime factors of 3470.
2, 5, 347
List the prime factors of 19064.
2, 2383
What are the prime factors of 478?
2, 239
List the prime factors of 1520.
2, 5, 19
List the prime factors of 77892.
2, 3, 6491
What are the prime factors of 11033?
11, 17, 59
What are the prime factors of 6587?
7, 941
List the prime factors of 1443.
3, 13, 37
List the prime factors of 217.
7, 31
What are the prime factors of 2048?
2
What are the prime factors of 2096?
2, 131
List the prime factors of 6890.
2, 5, 13, 53
What are the prime factors of 79531?
79531
What are the prime factors of 1651?
13, 127
List the prime factors of 1058.
2, 23
List the prime factors of 3110.
2, 5, 311
What are the prime factors of 15106?
2, 7, 13, 83
What are the prime factors of 4579?
19, 241
What are the prime factors of 97942?
2, 13, 3767
List the prime factors of 747.
3, 83
List the prime factors of 12004.
2, 3001
What are the prime factors of 69422?
2, 103, 337
List the prime factors of 1111.
11, 101
What are the prime factors of 180954?
2, 3, 1117
What are the prime factors of 1424?
2, 89
What are the prime factors of 1414?
2, 7, 101
List the prime factors of 1679.
23, 73
What are the prime factors of 52659?
3, 5851
What are the prime factors of 1465?
5, 293
List the prime factors of 683.
683
What are the prime factors of 1694?
2, 7, 11
List the prime factors of 903.
3, 7, 43
List the prime factors of 1104.
2, 3, 23
List the prime factors of 22981.
7, 67
List the prime factors of 49135.
5, 31, 317
List the prime factors of 11815.
5, 17, 139
What are the prime factors of 610?
2, 5, 61
What are the prime factors of 12458?
2, 6229
What are the prime factors of 328?
2, 41
What are the prime factors of 3421?
11, 311
List the prime factors of 3042.
2, 3, 13
List the prime factors of 28445.
5, 5689
What are the prime factors of 35377?
17, 2081
What are the prime factors of 4317?
3, 1439
What are the prime factors of 9178?
2, 13, 353
List the prime factors of 25378.
2, 12689
What are the prime factors of 208?
2, 13
List the prime factors of 1184.
2, 37
What are the prime factors of 16825?
5, 673
What are the prime factors of 1557?
3, 173
List the prime factors of 465.
3, 5, 31
List the prime factors of 66825.
3, 5, 11
What are the prime factors of 16688?
2, 7, 149
What are the prime factors of 54890?
2, 5, 11, 499
What are the prime factors of 46221?
3, 7, 31, 71
What are the prime factors of 47482?
2, 23741
What are the prime factors of 11128?
2, 13, 107
List the prime factors of 37434.
2, 3, 17, 367
List the prime factors of 297.
3, 11
List the prime factors of 1555.
5, 311
List the prime factors of 538.
2, 269
List the prime factors of 776.
2, 97
What are the prime factors of 83755?
5, 7, 2393
What are the prime factors of 266?
2, 7, 19
What are the prime factors of 3505?
5, 701
What are the prime factors of 16398?
2, 3, 911
What are the prime factors of 4432?
2, 277
List the prime factors of 936.
2, 3, 13
List the prime factors of 2367.
3, 263
What are the prime factors of 42816?
2, 3, 223
List the prime factors of 4947.
3, 17, 97
List the prime factors of 1894.
2, 947
What are the prime factors of 14145?
3, 5, 23, 41
What are the prime factors of 1221?
3, 11, 37
What are the prime factors of 15555?
3, 5, 17, 61
What are the prime factors of 856?
2, 107
What are the prime factors of 12176?
2, 761
List the prime factors of 15282.
2, 3, 283
What are the prime factors of 548?
2, 137
What are the prime factors of 208?
2, 13
List the prime factors of 1658.
2, 829
List the prime factors of 5354.
2, 2677
List the prime factors of 65584.
2, 4099
What are the prime factors of 7070?
2, 5, 7, 101
What are the prime factors of 84313?
84313
What are the prime factors of 6652?
2, 1663
List the prime factors of 1783.
1783
What are the prime factors of 1768?
2, 13, 17
What are the prime factors of 28128?
2, 3, 293
List the prime factors of 1023.
3, 11, 31
List the prime factors of 14585.
5, 2917
List the prime factors of 4585.
5, 7, 131
What are the prime factors of 30865?
5, 6173
List the prime factors of 69730.
2, 5, 19, 367
What are the prime factors of 744?
2, 3, 31
What are the prime facto